{"id":20013,"date":"2025-09-29T10:46:03","date_gmt":"2025-09-29T10:46:03","guid":{"rendered":"https:\/\/immofacile.ma\/index.php\/property\/a-vendre-bel-appartement-3-chambres-a-val-fleuri-casablanca\/"},"modified":"2025-09-29T10:46:03","modified_gmt":"2025-09-29T10:46:03","slug":"a-vendre-bel-appartement-3-chambres-a-val-fleuri-casablanca","status":"publish","type":"property","link":"https:\/\/immofacile.ma\/index.php\/property\/a-vendre-bel-appartement-3-chambres-a-val-fleuri-casablanca\/","title":{"rendered":"\u00c0 Vendre \u2013 Bel Appartement 3 Chambres \u00e0 Val Fleuri, Casablanca"},"content":{"rendered":"<p data-start=\"294\" data-end=\"468\">Ne manquez pas cette opportunit\u00e9 d\u2019acqu\u00e9rir un <strong data-start=\"341\" data-end=\"380\">appartement spacieux et bien agenc\u00e9<\/strong> dans l\u2019un des quartiers r\u00e9sidentiels les plus appr\u00e9ci\u00e9s de Casablanca : <strong data-start=\"453\" data-end=\"467\">Val Fleuri<\/strong>.<\/p>\n<h3 data-start=\"470\" data-end=\"510\">\u2705 <strong data-start=\"476\" data-end=\"510\">Caract\u00e9ristiques principales :<\/strong><\/h3>\n<ul data-start=\"511\" data-end=\"942\">\n<li data-start=\"511\" data-end=\"536\">\n<p data-start=\"513\" data-end=\"536\"><strong data-start=\"513\" data-end=\"527\">Superficie<\/strong> : 161 m\u00b2<\/p>\n<\/li>\n<li data-start=\"537\" data-end=\"612\">\n<p data-start=\"539\" data-end=\"612\"><strong data-start=\"539\" data-end=\"551\">Chambres<\/strong> : 3 chambres, dont une suite parentale avec <strong data-start=\"596\" data-end=\"612\">balcon priv\u00e9<\/strong><\/p>\n<\/li>\n<li data-start=\"613\" data-end=\"661\">\n<p data-start=\"615\" data-end=\"661\"><strong data-start=\"615\" data-end=\"633\">Salles de bain<\/strong> : 2 salles de bain modernes<\/p>\n<\/li>\n<li data-start=\"662\" data-end=\"718\">\n<p data-start=\"664\" data-end=\"718\"><strong data-start=\"664\" data-end=\"674\">Salons<\/strong> : Double salon offrant un bel espace de vie<\/p>\n<\/li>\n<li data-start=\"719\" data-end=\"780\">\n<p data-start=\"721\" data-end=\"780\"><strong data-start=\"721\" data-end=\"732\">Cuisine<\/strong> : Cuisine bien am\u00e9nag\u00e9e (\u00e0 compl\u00e9ter si besoin)<\/p>\n<\/li>\n<li data-start=\"781\" data-end=\"849\">\n<p data-start=\"783\" data-end=\"849\"><strong data-start=\"783\" data-end=\"811\">Orientation &amp; Luminosit\u00e9<\/strong> : Appartement lumineux et bien expos\u00e9<\/p>\n<\/li>\n<li data-start=\"850\" data-end=\"942\">\n<p data-start=\"852\" data-end=\"942\"><strong data-start=\"852\" data-end=\"869\">Environnement<\/strong> : Quartier calme, proche des commodit\u00e9s, \u00e9coles, commerces et transports<\/p>\n<\/li>\n<\/ul>\n<p data-start=\"944\" data-end=\"1080\">Cet appartement est id\u00e9al pour une <strong data-start=\"979\" data-end=\"1034\">famille recherchant confort, espace et tranquillit\u00e9<\/strong> dans un emplacement strat\u00e9gique \u00e0 Casablanca.<\/p>\n","protected":false},"excerpt":{"rendered":"<p>Ne manquez pas cette opportunit\u00e9 d\u2019acqu\u00e9rir un appartement spacieux et bien agenc\u00e9 dans l\u2019un des quartiers r\u00e9sidentiels les plus appr\u00e9ci\u00e9s de Casablanca : Val Fleuri. \u2705 Caract\u00e9ristiques principales : Superficie : 161 m\u00b2 Chambres : 3 chambres, dont une suite parentale avec balcon priv\u00e9 Salles de bain : 2 salles de bain modernes Salons : [&hellip;]<\/p>\n","protected":false},"author":1,"featured_media":20010,"parent":0,"menu_order":0,"template":"","property_type":[28],"property_status":[46],"property_feature":[29,34,39,71,15],"property_label":[],"property_city":[26],"property_area":[186],"class_list":["post-20013","property","type-property","status-publish","has-post-thumbnail","hentry","property_type-appartement","property_status-vente","property_feature-ascenseur","property_feature-balcon","property_feature-chauffe-eau","property_feature-four","property_feature-securite","property_city-casablanca","property_area-belvedere"],"property_meta":{"fave_etage":["2"],"fave_propric3a9taire":["0674387795"],"fave_localisation":["https:\/\/www.google.com\/maps?q=33.5758701,-7.6345599&z=17&hl=fr"],"fave_property_price":["1800000"],"fave_property_price_postfix":[""],"fave_show_price_placeholder":["0"],"fave_property_price_placeholder":[""],"fave_property_price_prefix":[""],"fave_property_size":["161"],"fave_property_bedrooms":["3"],"fave_property_rooms":["2"],"fave_property_bathrooms":["2"],"fave_property_garage":[""],"fave_virtual_tour":[""],"fave_property_year":[""],"fave_property_id":["20013"],"fave_video_url":[""],"fave_property_images":["20010","20000","20001","20002","20003","20004","20005","20006","20007","20008","20009","20011","20012"],"_thumbnail_id":["20010"],"fave_property_zip":[""],"additional_features":[""],"floor_plans":[""],"fave_multi_units":[""],"fave_featured":["0"],"houzez_featured_listing_date":[""],"fave_loggedintoview":["0"],"fave_mortgage_cal":["0"],"fave_property_disclaimer":[""],"fave_payment_status":["not_paid"],"fave_agent_display_option":["author_info"],"fave_property_map_address":[""],"fave_property_address":[""],"houzez_total_property_views":["71"],"houzez_views_by_date":["a:56:{s:10:\"09-29-2025\";i:2;s:10:\"09-30-2025\";i:1;s:10:\"10-01-2025\";i:2;s:10:\"10-05-2025\";i:2;s:10:\"10-07-2025\";i:1;s:10:\"10-09-2025\";i:1;s:10:\"10-12-2025\";i:1;s:10:\"10-14-2025\";i:1;s:10:\"10-18-2025\";i:3;s:10:\"10-20-2025\";i:2;s:10:\"10-25-2025\";i:1;s:10:\"10-26-2025\";i:1;s:10:\"10-27-2025\";i:1;s:10:\"10-29-2025\";i:1;s:10:\"10-30-2025\";i:1;s:10:\"10-31-2025\";i:1;s:10:\"11-04-2025\";i:1;s:10:\"11-07-2025\";i:2;s:10:\"11-08-2025\";i:3;s:10:\"11-10-2025\";i:1;s:10:\"11-12-2025\";i:2;s:10:\"11-13-2025\";i:2;s:10:\"11-15-2025\";i:1;s:10:\"11-18-2025\";i:1;s:10:\"11-27-2025\";i:1;s:10:\"12-06-2025\";i:1;s:10:\"12-10-2025\";i:1;s:10:\"12-14-2025\";i:1;s:10:\"12-18-2025\";i:1;s:10:\"12-19-2025\";i:1;s:10:\"12-24-2025\";i:1;s:10:\"12-26-2025\";i:1;s:10:\"12-29-2025\";i:2;s:10:\"01-03-2026\";i:1;s:10:\"01-09-2026\";i:1;s:10:\"01-10-2026\";i:1;s:10:\"01-15-2026\";i:1;s:10:\"01-16-2026\";i:2;s:10:\"01-24-2026\";i:1;s:10:\"01-30-2026\";i:1;s:10:\"02-04-2026\";i:2;s:10:\"02-05-2026\";i:1;s:10:\"02-10-2026\";i:1;s:10:\"02-13-2026\";i:2;s:10:\"02-16-2026\";i:1;s:10:\"02-24-2026\";i:1;s:10:\"02-25-2026\";i:1;s:10:\"03-05-2026\";i:1;s:10:\"03-15-2026\";i:1;s:10:\"03-22-2026\";i:1;s:10:\"04-06-2026\";i:1;s:10:\"04-07-2026\";i:1;s:10:\"04-14-2026\";i:1;s:10:\"04-20-2026\";i:1;s:10:\"04-26-2026\";i:1;s:10:\"04-30-2026\";i:1;}"],"houzez_recently_viewed":["2026-04-30 09:40:04"]},"_links":{"self":[{"href":"https:\/\/immofacile.ma\/index.php\/wp-json\/wp\/v2\/properties\/20013","targetHints":{"allow":["GET"]}}],"collection":[{"href":"https:\/\/immofacile.ma\/index.php\/wp-json\/wp\/v2\/properties"}],"about":[{"href":"https:\/\/immofacile.ma\/index.php\/wp-json\/wp\/v2\/types\/property"}],"author":[{"embeddable":true,"href":"https:\/\/immofacile.ma\/index.php\/wp-json\/wp\/v2\/users\/1"}],"version-history":[{"count":0,"href":"https:\/\/immofacile.ma\/index.php\/wp-json\/wp\/v2\/properties\/20013\/revisions"}],"wp:featuredmedia":[{"embeddable":true,"href":"https:\/\/immofacile.ma\/index.php\/wp-json\/wp\/v2\/media\/20010"}],"wp:attachment":[{"href":"https:\/\/immofacile.ma\/index.php\/wp-json\/wp\/v2\/media?parent=20013"}],"wp:term":[{"taxonomy":"property_type","embeddable":true,"href":"https:\/\/immofacile.ma\/index.php\/wp-json\/wp\/v2\/property_type?post=20013"},{"taxonomy":"property_status","embeddable":true,"href":"https:\/\/immofacile.ma\/index.php\/wp-json\/wp\/v2\/property_status?post=20013"},{"taxonomy":"property_feature","embeddable":true,"href":"https:\/\/immofacile.ma\/index.php\/wp-json\/wp\/v2\/property_feature?post=20013"},{"taxonomy":"property_label","embeddable":true,"href":"https:\/\/immofacile.ma\/index.php\/wp-json\/wp\/v2\/property_label?post=20013"},{"taxonomy":"property_city","embeddable":true,"href":"https:\/\/immofacile.ma\/index.php\/wp-json\/wp\/v2\/property_city?post=20013"},{"taxonomy":"property_area","embeddable":true,"href":"https:\/\/immofacile.ma\/index.php\/wp-json\/wp\/v2\/property_area?post=20013"}],"curies":[{"name":"wp","href":"https:\/\/api.w.org\/{rel}","templated":true}]}}

À Vendre – Bel Appartement 3 Chambres à Val Fleuri, Casablanca

<p data-start="294" data-end="468">Ne manquez pas cette opportunité d’acquérir un <strong data-start="341" data-end="380">appartement spacieux et bien agencé</strong> dans l’un des quartiers résidentiels les plus appréciés de Casablanca : <strong data-start="453" data-end="467">Val Fleuri</strong>.</p>
<h3 data-start="470" data-end="510">✅ <strong data-start="476" data-end="510">Caractéristiques principales :</strong></h3>
<ul data-start="511" data-end="942">
<li data-start="511" data-end="536">
<p data-start="513" data-end="536"><strong data-start="513" data-end="527">Superficie</strong> : 161 m²</p>
</li>
<li data-start="537" data-end="612">
<p data-start="539" data-end="612"><strong data-start="539" data-end="551">Chambres</strong> : 3 chambres, dont une suite parentale avec <strong data-start="596" data-end="612">balcon privé</strong></p>
</li>
<li data-start="613" data-end="661">
<p data-start="615" data-end="661"><strong data-start="615" data-end="633">Salles de bain</strong> : 2 salles de bain modernes</p>
</li>
<li data-start="662" data-end="718">
<p data-start="664" data-end="718"><strong data-start="664" data-end="674">Salons</strong> : Double salon offrant un bel espace de vie</p>
</li>
<li data-start="719" data-end="780">
<p data-start="721" data-end="780"><strong data-start="721" data-end="732">Cuisine</strong> : Cuisine bien aménagée (à compléter si besoin)</p>
</li>
<li data-start="781" data-end="849">
<p data-start="783" data-end="849"><strong data-start="783" data-end="811">Orientation &amp; Luminosité</strong> : Appartement lumineux et bien exposé</p>
</li>
<li data-start="850" data-end="942">
<p data-start="852" data-end="942"><strong data-start="852" data-end="869">Environnement</strong> : Quartier calme, proche des commodités, écoles, commerces et transports</p>
</li>
</ul>
<p data-start="944" data-end="1080">Cet appartement est idéal pour une <strong data-start="979" data-end="1034">famille recherchant confort, espace et tranquillité</strong> dans un emplacement stratégique à Casablanca.</p>

<p>Ne manquez pas cette opportunité d’acquérir un appartement spacieux et bien agencé dans l’un des quartiers résidentiels les plus appréciés de Casablanca : Val Fleuri. ✅ Caractéristiques principales : Superficie : 161 m² Chambres : 3 chambres, dont une suite parentale avec balcon privé Salles de bain : 2 salles de bain modernes Salons : [&hellip;]</p>
