{"id":20665,"date":"2026-02-12T15:06:29","date_gmt":"2026-02-12T15:06:29","guid":{"rendered":"https:\/\/immofacile.ma\/index.php\/property\/appartement-102-m%c2%b2-3-chambres-balcon-parking-et-ascenseur-3%e1%b5%89-etage\/"},"modified":"2026-04-21T11:07:57","modified_gmt":"2026-04-21T11:07:57","slug":"appartement-102-m-3-chambres-balcon-parking-et-ascenseur-3-etage","status":"publish","type":"property","link":"https:\/\/immofacile.ma\/index.php\/property\/appartement-102-m-3-chambres-balcon-parking-et-ascenseur-3-etage\/","title":{"rendered":"Appartement 102 m\u00b2 \u2013 3 chambres, balcon, parking et ascenseur \u2013 3\u1d49 \u00e9tage"},"content":{"rendered":"<div class=\"flex flex-col text-sm pb-25\">\n<article class=\"text-token-text-primary w-full focus:outline-none [--shadow-height:45px] has-data-writing-block:pointer-events-none has-data-writing-block:-mt-(--shadow-height) has-data-writing-block:pt-(--shadow-height) [&amp;:has([data-writing-block])&gt;*]:pointer-events-auto [content-visibility:auto] supports-[content-visibility:auto]:[contain-intrinsic-size:auto_100lvh] scroll-mt-[calc(var(--header-height)+min(200px,max(70px,20svh)))]\" dir=\"auto\" data-turn-id=\"27cfba45-db31-4c93-9d1c-c6bf3c3cc166\" data-testid=\"conversation-turn-2\" data-scroll-anchor=\"true\" data-turn=\"assistant\">\n<div class=\"text-base my-auto mx-auto pb-10 [--thread-content-margin:--spacing(4)] @w-sm\/main:[--thread-content-margin:--spacing(6)] @w-lg\/main:[--thread-content-margin:--spacing(16)] px-(--thread-content-margin)\">\n<div class=\"[--thread-content-max-width:40rem] @w-lg\/main:[--thread-content-max-width:48rem] mx-auto max-w-(--thread-content-max-width) flex-1 group\/turn-messages focus-visible:outline-hidden relative flex w-full min-w-0 flex-col agent-turn\">\n<div class=\"flex max-w-full flex-col grow\">\n<div class=\"min-h-8 text-message relative flex w-full flex-col items-end gap-2 text-start break-words whitespace-normal [.text-message+&amp;]:mt-1\" dir=\"auto\" data-message-author-role=\"assistant\" data-message-id=\"9e9cacf3-3298-44cb-b7b8-bdb8f9f274f2\" data-message-model-slug=\"gpt-5-2\">\n<div class=\"flex w-full flex-col gap-1 empty:hidden first:pt-[1px]\">\n<div class=\"markdown prose dark:prose-invert w-full wrap-break-word light markdown-new-styling\">\n<p data-start=\"88\" data-end=\"238\">D\u00e9couvrez cet appartement fonctionnel et bien agenc\u00e9 de <strong data-start=\"171\" data-end=\"181\">102 m\u00b2<\/strong>, situ\u00e9 au <strong data-start=\"192\" data-end=\"204\" data-is-only-node=\"\">3\u1d49 \u00e9tage<\/strong> d\u2019un immeuble avec <strong data-start=\"224\" data-end=\"237\">ascenseur<\/strong>.<\/p>\n<p data-start=\"240\" data-end=\"462\">Il se compose d\u2019un <strong data-start=\"259\" data-end=\"268\">salon<\/strong>, d\u2019un <strong data-start=\"275\" data-end=\"291\">petit s\u00e9jour<\/strong>, de <strong data-start=\"296\" data-end=\"320\">3 chambres \u00e0 coucher<\/strong>, dont une <strong data-start=\"331\" data-end=\"385\">suite avec salle de bain privative et petit balcon<\/strong>.<br data-start=\"386\" data-end=\"389\" \/>L\u2019appartement b\u00e9n\u00e9ficie \u00e9galement d\u2019une <strong data-start=\"429\" data-end=\"461\">place de parking au sous-sol<\/strong>.<\/p>\n<p data-start=\"464\" data-end=\"565\" data-is-last-node=\"\" data-is-only-node=\"\">Un bien id\u00e9al pour une famille \u00e0 la recherche de confort, de praticit\u00e9 et d\u2019un cadre de vie agr\u00e9able.<\/p>\n<\/div>\n<\/div>\n<\/div>\n<\/div>\n<div class=\"z-0 flex min-h-[46px] justify-start\"><\/div>\n<div class=\"mt-3 w-full empty:hidden\">\n<div class=\"text-center\"><\/div>\n<\/div>\n<\/div>\n<\/div>\n<\/article>\n<\/div>\n<div class=\"pointer-events-none h-px w-px absolute bottom-0\" aria-hidden=\"true\" data-edge=\"true\"><\/div>\n","protected":false},"excerpt":{"rendered":"<p>D\u00e9couvrez cet appartement fonctionnel et bien agenc\u00e9 de 102 m\u00b2, situ\u00e9 au 3\u1d49 \u00e9tage d\u2019un immeuble avec ascenseur. Il se compose d\u2019un salon, d\u2019un petit s\u00e9jour, de 3 chambres \u00e0 coucher, dont une suite avec salle de bain privative et petit balcon.L\u2019appartement b\u00e9n\u00e9ficie \u00e9galement d\u2019une place de parking au sous-sol. Un bien id\u00e9al pour une [&hellip;]<\/p>\n","protected":false},"author":1,"featured_media":20664,"parent":0,"menu_order":0,"template":"","property_type":[28],"property_status":[46],"property_feature":[29,34,39,56,71,15],"property_label":[],"property_city":[26],"property_area":[175],"class_list":["post-20665","property","type-property","status-publish","has-post-thumbnail","hentry","property_type-appartement","property_status-vente","property_feature-ascenseur","property_feature-balcon","property_feature-chauffe-eau","property_feature-concierge","property_feature-four","property_feature-securite","property_city-casablanca","property_area-mers-sultan"],"property_meta":{"fave_etage":["3"],"fave_propric3a9taire":["41791021999"],"fave_localisation":["https:\/\/maps.app.goo.gl\/oUfvPUfWcwS7sfMNA"],"fave_property_price":["1173000"],"fave_property_price_postfix":[""],"fave_show_price_placeholder":["0"],"fave_property_price_placeholder":[""],"fave_property_price_prefix":[""],"fave_property_size":["102"],"fave_property_bedrooms":["3"],"fave_property_rooms":["1"],"fave_property_bathrooms":["2"],"fave_property_garage":["1"],"fave_virtual_tour":[""],"fave_property_year":[""],"fave_property_id":["20665"],"fave_video_url":[""],"fave_property_zip":[""],"additional_features":[""],"floor_plans":[""],"fave_multi_units":[""],"fave_featured":["0"],"houzez_featured_listing_date":[""],"fave_loggedintoview":["0"],"fave_mortgage_cal":["0"],"fave_property_disclaimer":[""],"fave_payment_status":["not_paid"],"fave_agent_display_option":["author_info"],"fave_property_map_address":[""],"fave_property_address":[""],"fave_property_images":["20664","20657","20658","20659","20660","20661","20662","20663"],"_thumbnail_id":["20664"],"_edit_last":["1"],"rs_page_bg_color":[""],"_edit_lock":["1776769570:1"],"_wp_page_template":["default"],"houzez_total_property_views":["5"],"houzez_views_by_date":["a:4:{s:10:\"04-21-2026\";i:2;s:10:\"04-22-2026\";i:1;s:10:\"04-24-2026\";i:1;s:10:\"04-26-2026\";i:1;}"],"houzez_recently_viewed":["2026-04-26 10:22:05"]},"_links":{"self":[{"href":"https:\/\/immofacile.ma\/index.php\/wp-json\/wp\/v2\/properties\/20665","targetHints":{"allow":["GET"]}}],"collection":[{"href":"https:\/\/immofacile.ma\/index.php\/wp-json\/wp\/v2\/properties"}],"about":[{"href":"https:\/\/immofacile.ma\/index.php\/wp-json\/wp\/v2\/types\/property"}],"author":[{"embeddable":true,"href":"https:\/\/immofacile.ma\/index.php\/wp-json\/wp\/v2\/users\/1"}],"version-history":[{"count":1,"href":"https:\/\/immofacile.ma\/index.php\/wp-json\/wp\/v2\/properties\/20665\/revisions"}],"predecessor-version":[{"id":20805,"href":"https:\/\/immofacile.ma\/index.php\/wp-json\/wp\/v2\/properties\/20665\/revisions\/20805"}],"wp:featuredmedia":[{"embeddable":true,"href":"https:\/\/immofacile.ma\/index.php\/wp-json\/wp\/v2\/media\/20664"}],"wp:attachment":[{"href":"https:\/\/immofacile.ma\/index.php\/wp-json\/wp\/v2\/media?parent=20665"}],"wp:term":[{"taxonomy":"property_type","embeddable":true,"href":"https:\/\/immofacile.ma\/index.php\/wp-json\/wp\/v2\/property_type?post=20665"},{"taxonomy":"property_status","embeddable":true,"href":"https:\/\/immofacile.ma\/index.php\/wp-json\/wp\/v2\/property_status?post=20665"},{"taxonomy":"property_feature","embeddable":true,"href":"https:\/\/immofacile.ma\/index.php\/wp-json\/wp\/v2\/property_feature?post=20665"},{"taxonomy":"property_label","embeddable":true,"href":"https:\/\/immofacile.ma\/index.php\/wp-json\/wp\/v2\/property_label?post=20665"},{"taxonomy":"property_city","embeddable":true,"href":"https:\/\/immofacile.ma\/index.php\/wp-json\/wp\/v2\/property_city?post=20665"},{"taxonomy":"property_area","embeddable":true,"href":"https:\/\/immofacile.ma\/index.php\/wp-json\/wp\/v2\/property_area?post=20665"}],"curies":[{"name":"wp","href":"https:\/\/api.w.org\/{rel}","templated":true}]}}

Appartement 102 m² – 3 chambres, balcon, parking et ascenseur – 3ᵉ étage

<div class="flex flex-col text-sm pb-25">
<article class="text-token-text-primary w-full focus:outline-none [--shadow-height:45px] has-data-writing-block:pointer-events-none has-data-writing-block:-mt-(--shadow-height) has-data-writing-block:pt-(--shadow-height) [&amp;:has([data-writing-block])&gt;*]:pointer-events-auto [content-visibility:auto] supports-[content-visibility:auto]:[contain-intrinsic-size:auto_100lvh] scroll-mt-[calc(var(--header-height)+min(200px,max(70px,20svh)))]" dir="auto" data-turn-id="27cfba45-db31-4c93-9d1c-c6bf3c3cc166" data-testid="conversation-turn-2" data-scroll-anchor="true" data-turn="assistant">
<div class="text-base my-auto mx-auto pb-10 [--thread-content-margin:--spacing(4)] @w-sm/main:[--thread-content-margin:--spacing(6)] @w-lg/main:[--thread-content-margin:--spacing(16)] px-(--thread-content-margin)">
<div class="[--thread-content-max-width:40rem] @w-lg/main:[--thread-content-max-width:48rem] mx-auto max-w-(--thread-content-max-width) flex-1 group/turn-messages focus-visible:outline-hidden relative flex w-full min-w-0 flex-col agent-turn">
<div class="flex max-w-full flex-col grow">
<div class="min-h-8 text-message relative flex w-full flex-col items-end gap-2 text-start break-words whitespace-normal [.text-message+&amp;]:mt-1" dir="auto" data-message-author-role="assistant" data-message-id="9e9cacf3-3298-44cb-b7b8-bdb8f9f274f2" data-message-model-slug="gpt-5-2">
<div class="flex w-full flex-col gap-1 empty:hidden first:pt-[1px]">
<div class="markdown prose dark:prose-invert w-full wrap-break-word light markdown-new-styling">
<p data-start="88" data-end="238">Découvrez cet appartement fonctionnel et bien agencé de <strong data-start="171" data-end="181">102 m²</strong>, situé au <strong data-start="192" data-end="204" data-is-only-node="">3ᵉ étage</strong> d’un immeuble avec <strong data-start="224" data-end="237">ascenseur</strong>.</p>
<p data-start="240" data-end="462">Il se compose d’un <strong data-start="259" data-end="268">salon</strong>, d’un <strong data-start="275" data-end="291">petit séjour</strong>, de <strong data-start="296" data-end="320">3 chambres à coucher</strong>, dont une <strong data-start="331" data-end="385">suite avec salle de bain privative et petit balcon</strong>.<br data-start="386" data-end="389" />L’appartement bénéficie également d’une <strong data-start="429" data-end="461">place de parking au sous-sol</strong>.</p>
<p data-start="464" data-end="565" data-is-last-node="" data-is-only-node="">Un bien idéal pour une famille à la recherche de confort, de praticité et d’un cadre de vie agréable.</p>
</div>
</div>
</div>
</div>
<div class="z-0 flex min-h-[46px] justify-start"></div>
<div class="mt-3 w-full empty:hidden">
<div class="text-center"></div>
</div>
</div>
</div>
</article>
</div>
<div class="pointer-events-none h-px w-px absolute bottom-0" aria-hidden="true" data-edge="true"></div>

<p>Découvrez cet appartement fonctionnel et bien agencé de 102 m², situé au 3ᵉ étage d’un immeuble avec ascenseur. Il se compose d’un salon, d’un petit séjour, de 3 chambres à coucher, dont une suite avec salle de bain privative et petit balcon.L’appartement bénéficie également d’une place de parking au sous-sol. Un bien idéal pour une [&hellip;]</p>
